t is the ten thousands digit of 86134?
8
What is the units digit of 591?
1
What is the units digit of 62355?
5
What is the tens digit of 7936?
3
What is the hundreds digit of 25125?
1
What is the thousands digit of 42230?
2
What is the thousands digit of 40847?
0
What is the thousands digit of 7494?
7
What is the hundreds digit of 804?
8
What is the units digit of 4467?
7
What is the units digit of 1585?
5
What is the tens digit of 1811?
1
What is the tens digit of 3086?
8
What is the units digit of 687?
7
What is the units digit of 11344?
4
What is the ten thousands digit of 24439?
2
What is the hundreds digit of 9178?
1
What is the tens digit of 626?
2
What is the tens digit of 226?
2
What is the units digit of 13921?
1
What is the ten thousands digit of 15454?
1
What is the thousands digit of 1244?
1
What is the units digit of 6368?
8
What is the tens digit of 355?
5
What is the tens digit of 1003?
0
What is the units digit of 682?
2
What is the tens digit of 13950?
5
What is the tens digit of 802?
0
What is the units digit of 54631?
1
What is the hundreds digit of 9466?
4
What is the hundreds digit of 1296?
2
What is the units digit of 189?
9
What is the tens digit of 17567?
6
What is the thousands digit of 12220?
2
What is the units digit of 7630?
0
What is the hundreds digit of 442?
4
What is the hundreds digit of 921?
9
What is the hundreds digit of 4507?
5
What is the units digit of 18340?
0
What is the units digit of 37225?
5
What is the tens digit of 116154?
5
What is the tens digit of 2572?
7
What is the thousands digit of 1985?
1
What is the hundreds digit of 59527?
5
What is the hundreds digit of 8379?
3
What is the thousands digit of 1287?
1
What is the hundreds digit of 2292?
2
What is the ten thousands digit of 33583?
3
What is the tens digit of 86556?
5
What is the thousands digit of 9815?
9
What is the thousands digit of 3829?
3
What is the hundreds digit of 21111?
1
What is the hundreds digit of 1162?
1
What is the hundreds digit of 150?
1
What is the tens digit of 774?
7
What is the hundreds digit of 1028?
0
What is the thousands digit of 27077?
7
What is the tens digit of 7346?
4
What is the tens digit of 7653?
5
What is the hundreds digit of 10334?
3
What is the units digit of 1173?
3
What is the tens digit of 1805?
0
What is the tens digit of 41555?
5
What is the units digit of 114?
4
What is the ten thousands digit of 25024?
2
What is the tens digit of 28856?
5
What is the hundreds digit of 3402?
4
What is the tens digit of 30256?
5
What is the hundreds digit of 1569?
5
What is the units digit of 4356?
6
What is the hundreds digit of 5783?
7
What is the units digit of 1467?
7
What is the hundreds digit of 6055?
0
What is the thousands digit of 1725?
1
What is the hundreds digit of 4500?
5
What is the units digit of 69591?
1
What is the units digit of 1205?
5
What is the ten thousands digit of 101433?
0
What is the tens digit of 1745?
4
What is the thousands digit of 1108?
1
What is the units digit of 14235?
5
What is the units digit of 22684?
4
What is the hundreds digit of 1763?
7
What is the units digit of 772?
2
What is the tens digit of 863?
6
What is the ten thousands digit of 21591?
2
What is the thousands digit of 3801?
3
What is the thousands digit of 46648?
6
What is the units digit of 1428?
8
What is the units digit of 42525?
5
What is the tens digit of 1827?
2
What is the thousands digit of 4026?
4
What is the hundreds digit of 652?
6
What is the thousands digit of 1672?
1
What is the units digit of 3526?
6
What is the units digit of 39450?
0
What is the tens digit of 1248?
4
What is the tens digit of 5903?
0
What is the hundreds digit of 19230?
2
What is the ten thousands digit of 65644?
6
What is the tens digit of 493?
9
What is the units digit of 7084?
4
What is the units digit of 1456?
6
What is the hundreds digit of 14291?
2
What is the units digit of 43864?
4
What is the tens digit of 3110?
1
What is the hundreds digit of 1197?
1
What is the hundreds digit of 1316?
3
What is the hundreds digit of 4827?
8
What is the tens digit of 28?
2
What is the hundreds digit of 22377?
3
What is the tens digit of 79331?
3
What is the hundreds digit of 163?
1
What is the units digit of 3394?
4
What is the hundreds digit of 6780?
7
What is the units digit of 870?
0
What is the thousands digit of 7516?
7
What is the tens digit of 5000?
0
What is the thousands digit of 19196?
9
What is the tens digit of 4994?
9
What is the thousands digit of 1538?
1
What is the ten thousands digit of 92503?
9
What is the hundreds digit of 5792?
7
What is the hundreds digit of 7996?
9
What is the tens digit of 2154?
5
What is the units digit of 497?
7
What is the hundreds digit of 42837?
8
What is the tens digit of 26114?
1
What is the thousands digit of 3119?
3
What is the units digit of 51129?
9
What is the tens digit of 923?
2
What is the units digit of 943?
3
What is the units digit of 16310?
0
What is the thousands digit of 51117?
1
What is the hundreds digit of 17705?
7
What is the thousands digit of 91086?
1
What is the hundreds digit of 1366?
3
What is the tens digit of 108958?
5
What is the thousands digit of 1290?
1
What is the hundred thousands digit of 108181?
1
What is the thousands digit of 28498?
8
What is the ten thousands digit of 12365?
1
What is the thousands digit of 3550?
3
What is the tens digit of 633?
3
What is the hundreds digit of 9091?
0
What is the tens digit of 774?
7
What is the ten thousands digit of 16337?
1
What is the tens digit of 2949?
4
What is the tens digit of 5286?
8
What is the thousands digit of 17701?
7
What is the units digit of 519?
9
What is the hundreds digit of 3246?
2
What is the ten thousands digit of 76151?
7
What is the hundreds digit of 2743?
7
What is the thousands digit of 15076?
5
What is the units digit of 29309?
9
What is the tens digit of 647?
4
What is the hundreds digit of 17757?
7
What is the tens digit of 16237?
3
What is the thousands digit of 38077?
8
What is the units digit of 1546?
6
What is the thousands digit of 4435?
4
What is the units digit of 930?
0
What is the thousands digit of 2785?
2
What is the thousands digit of 2628?
2
What is the tens digit of 11717?
1
What is the hundreds digit of 2303?
3
What is the hundreds digit of 497?
4
What is the tens digit of 23878?
7
What is the thousands digit of 2778?
2
What is the units digit of 403?
3
What is the thousands digit of 6944?
6
What is the tens digit of 4067?
6
What is the thousands digit of 1842?
1
What is the ten thousands digit of 140954?
4
What is the hundreds digit of 1739?
7
What is the units digit of 718?
8
What is the hundreds digit of 23696?
6
What is the thousands digit of 157844?
7
What is the units digit of 13181?
1
What is the hundreds digit of 1074?
0
What is the tens digit of 4347?
4
What is the thousands digit of 20089?
0
What is the hundreds digit of 17887?
8
What is the tens digit of 427?
2
What is the thousands digit of 43870?
3
What is the hundreds digit of 671?
6
What is the units digit of 3501?
1
What is the hundreds digit of 5153?
1
What is the hundreds digit of 36718?
7
What is the thousands digit of 2126?
2
What is the tens digit of 1917?
1
What is the hundreds digit of 1028?
0
What is the hundreds digit of 17949?
9
What is the units digit of 578?
8
What is the thousands digit of 1554?
1
What is the units digit of 657?
7
What is the tens digit of 299?
9
What is the thousands digit of 5267?
5
What is the hundreds digit of 10962?
9
What is the ten thousands digit of 10509?
1
What is the thousands digit of 6072?
6
What is the hundreds digit of 16361?
3
What is the hundreds digit of 721?
7
What is the tens digit of 761?
6
What is the units digit of 10781?
1
What is the hundreds digit of 3698?
6
What is the tens digit of 28?
2
What is the units digit of 4498?
8
What is the ten thousands digit of 99881?
9
What is the hundreds digit of 1765?
7
What is the thousands digit of 5583?
5
What is the ten thousands digit of 19390?
1
What is the hundreds digit of 3371?
3
What is the thousands digit of 52665?
2
What is the units digit of 2398?
8
What is the hundreds digit of 10402?
4
What is the units digit of 79018?
8
What is the thousands digit of 10760?
0
What is the thousands digit of 2707?
2
What is